d by 48.
17
What is the remainder when 197428 is divided by 16451?
16
What is the remainder when 520398 is divided by 415?
403
Calculate the remainder when 3590 is divided by 275.
15
Calculate the remainder when 390 is divided by 115.
45
What is the remainder when 1929 is divided by 184?
89
What is the remainder when 25314 is divided by 62?
18
Calculate the remainder when 14486 is divided by 4797.
95
Calculate the remainder when 2089 is divided by 413.
24
What is the remainder when 803266 is divided by 18?
16
Calculate the remainder when 24318 is divided by 380.
378
What is the remainder when 2600 is divided by 1004?
592
What is the remainder when 7581 is divided by 96?
93
Calculate the remainder when 64903 is divided by 391.
388
Calculate the remainder when 127894 is divided by 646.
632
What is the remainder when 652 is divided by 205?
37
Calculate the remainder when 11725 is divided by 3831.
232
Calculate the remainder when 60073 is divided by 14878.
561
Calculate the remainder when 50815 is divided by 33.
28
Calculate the remainder when 69482 is divided by 86.
80
What is the remainder when 35878 is divided by 5123?
17
What is the remainder when 179967 is divided by 35987?
32
What is the remainder when 5237 is divided by 8?
5
What is the remainder when 3265527 is divided by 1011?
1008
What is the remainder when 10622 is divided by 1427?
633
What is the remainder when 346687 is divided by 370?
367
What is the remainder when 29188 is divided by 365?
353
Calculate the remainder when 1194477 is divided by 228.
213
What is the remainder when 904687 is divided by 657?
655
Calculate the remainder when 11616 is divided by 1925.
66
What is the remainder when 20373 is divided by 523?
499
Calculate the remainder when 3199 is divided by 20.
19
What is the remainder when 2393 is divided by 272?
217
What is the remainder when 339566 is divided by 17?
8
What is the remainder when 5238 is divided by 155?
123
What is the remainder when 80154 is divided by 11?
8
Calculate the remainder when 51854 is divided by 51851.
3
What is the remainder when 4158 is divided by 89?
64
What is the remainder when 12210 is divided by 25?
10
Calculate the remainder when 148355 is divided by 468.
467
Calculate the remainder when 226882 is divided by 926.
12
What is the remainder when 359 is divided by 4?
3
What is the remainder when 58856 is divided by 54?
50
Calculate the remainder when 396258 is divided by 198124.
10
Calculate the remainder when 33752 is divided by 15.
2
Calculate the remainder when 1158969 is divided by 266.
7
What is the remainder when 690 is divided by 248?
194
Calculate the remainder when 8331720 is divided by 9.
6
Calculate the remainder when 10250 is divided by 2049.
5
What is the remainder when 583721 is divided by 291845?
31
Calculate the remainder when 215494 is divided by 655.
654
What is the remainder when 12012 is divided by 2399?
17
What is the remainder when 27667 is divided by 420?
367
Calculate the remainder when 201892 is divided by 150.
142
What is the remainder when 18182 is divided by 915?
797
Calculate the remainder when 206914 is divided by 13.
6
Calculate the remainder when 18586 is divided by 18565.
21
Calculate the remainder when 4106 is divided by 813.
41
Calculate the remainder when 4263 is divided by 299.
77
Calculate the remainder when 435330 is divided by 151.
148
Calculate the remainder when 31037 is divided by 74.
31
Calculate the remainder when 2650 is divided by 1263.
124
What is the remainder when 14593 is divided by 292?
285
What is the remainder when 28171 is divided by 9308?
247
Calculate the remainder when 521191 is divided by 260591.
9
What is the remainder when 641 is divided by 266?
109
Calculate the remainder when 9749 is divided by 25.
24
Calculate the remainder when 779327 is divided by 738.
737
What is the remainder when 6854 is divided by 45?
14
What is the remainder when 2999 is divided by 21?
17
What is the remainder when 4258 is divided by 1416?
10
Calculate the remainder when 41532 is divided by 21.
15
What is the remainder when 1096 is divided by 277?
265
Calculate the remainder when 6533 is divided by 87.
8
What is the remainder when 8536 is divided by 266?
24
Calculate the remainder when 15165 is divided by 316.
313
Calculate the remainder when 686706 is divided by 8.
2
Calculate the remainder when 3613 is divided by 1143.
184
What is the remainder when 1337 is divided by 254?
67
What is the remainder when 3061 is divided by 790?
691
Calculate the remainder when 30773 is divided by 57.
50
Calculate the remainder when 7704 is divided by 2468.
300
Calculate the remainder when 937 is divided by 50.
37
Calculate the remainder when 6138 is divided by 2009.
111
Calculate the remainder when 3062 is divided by 640.
502
What is the remainder when 24603 is divided by 61?
20
Calculate the remainder when 310593 is divided by 51763.
15
Calculate the remainder when 3287 is divided by 364.
11
What is the remainder when 86911 is divided by 28834?
409
Calculate the remainder when 60027 is divided by 1000.
27
Calculate the remainder when 5740 is divided by 2870.
0
Calculate the remainder when 315143 is divided by 349.
345
What is the remainder when 7315119 is divided by 610?
609
What is the remainder when 383124 is divided by 313?
12
What is the remainder when 12229 is divided by 847?
371
Calculate the remainder when 17522 is divided by 9.
8
Calculate the remainder when 2031 is divided by 363.
216
What is the remainder when 80473 is divided by 44?
41
What is the remainder when 25045 is divided by 448?
405
Calculate the remainder when 23313 is divided by 686.
675
Calculate the remainder when 10983 is divided by 13.
11
What is the remainder when 13329 is divided by 618?
351
What is the remainder when 1339524 is divided by 227?
224
What is the remainder when 20392 is divided by 80?
72
What is the remainder when 10155 is divided by 3315?
210
What is the remainder when 35193 is divided by 618?
585
Calculate the remainder when 293783 is divided by 1130.
1113
What is the remainder when 13078 is divided by 49?
44
What is the remainder when 28444 is divided by 1422?
4
Calculate the remainder when 89800 is divided by 29933.
1
What is the remainder when 12943 is divided by 254?
243
Calculate the remainder when 1959 is divided by 1927.
32
What is the remainder when 62966 is divided by 13?
7
Calculate the remainder when 186 is divided by 42.
18
What is the remainder when 475405 is divided by 11?
7
What is the remainder when 987 is divided by 134?
49
Calculate the remainder when 326 is divided by 76.
22
Calculate the remainder when 22325 is divided by 366.
365
Calculate the remainder when 11198 is divided by 140.
138
What is the remainder when 2134 is divided by 76?
6
Calculate the remainder when 17673 is divided by 57.
3
Calculate the remainder when 181395 is divided by 253.
247
What is the remainder when 482923 is divided by 44?
23
What is the remainder when 113358 is divided by 16193?
7
Calculate the remainder when 6807 is divided by 106.
23
What is the remainder when 16971 is divided by 741?
669
Calculate the remainder when 5386 is divided by 12.
10
What is the remainder when 336515 is divided by 3?
2
What is the remainder when 18937 is divided by 128?
121
Calculate the remainder when 8358 is divided by 17.
11
What is the remainder when 3876 is divided by 1919?
38
Calculate the remainder when 56795 is divided by 80.
75
Calculate the remainder when 11061 is divided by 88.
61
What is the remainder when 13552 is divided by 1625?
552
What is the remainder when 53671 is divided by 3181?
2775
What is the remainder when 1539746 is divided by 254?
252
What is the remainder when 67195 is divided by 11?
7
Calculate the remainder when 1627418 is divided by 43984.
10
What is the remainder when 292242 is divided by 18?
12
What is the remainder when 4420 is divided by 49?
10
What is the remainder when 159 is divided by 63?
33
What is the remainder when 2184709 is divided by 177?
175
What is the remainder when 841 is divided by 64?
9
What is the remainder when 1030187 is divided by 70?
67
What is the remainder when 2023 is divided by 954?
115
What is the remainder when 1500 is divided by 80?
60
What is the remainder when 27743 is divided by 39